prime number?
False
Let v(r) = 216*r**2 + 5*r - 6. Let z be v(2). Let y = 873 + z. Is y a prime number?
True
Suppose 1997 - 264 = g. Is g composite?
False
Let c be 1*(-3)/6*-10. Suppose -j + c*d - 8 = -136, 5*j - 4*d - 577 = 0. Is j composite?
False
Let p = -72715 - -140262. Is p a prime number?
True
Suppose -3*g - 4*o - 477 = 0, 3*g + o - 77 + 563 = 0. Let l = -6 - g. Is l composite?
False
Let q(h) be the third derivative of 0*h + 1/6*h**3 - 1/20*h**5 + 0 - 1/120*h**6 + 1/8*h**4 - 5*h**2. Is q(-6) a prime number?
False
Let c be (-2 - -1) + (-2 - -1). Let v(h) = -16*h - 3. Let r(p) = 33*p + 6. Let t(k) = -4*r(k) - 7*v(k). Is t(c) a composite number?
False
Suppose -x + 4*f = -5898, 0*x + 2*x - 2*f = 11766. Is x a prime number?
False
Suppose 0 = 9*p - 3*p - 43494. Is p a composite number?
True
Let l be 232/72 - (-2)/(-9). Suppose 3*y = -l*z + 7242, -y = 3*y - 2*z - 9638. Is y a composite number?
False
Let l be 266/18 + 0 + 8/36. Suppose l*y - 21*y + 12930 = 0. Is y a prime number?
False
Suppose -4*j - 8*r + 12438 = -9*r, -j + 3113 = -2*r. Is j a prime number?
True
Suppose -781 - 344 = -5*m. Suppose q = -4*j + 5, 9 + 6 = j + 3*q. Suppose j = -4*t - m + 1453. Is t a composite number?
False
Suppose -4 = -3*d - 37. Let f = d - -16. Suppose -f*x + 166 + 749 = 0. Is x prime?
False
Suppose 51*c - 6 = 52*c. Let s(p) = -p**3 + 14*p + 10. Is s(c) a prime number?
False
Suppose -8*a - 57628 = -396212. Is a prime?
True
Suppose -3*n - 4 = -13. Suppose -5*v = n*j - 5396, -j = -2*v - 3*j + 2156. Is v a prime number?
False
Let r be (16 + -16)/(-2 + 1). Suppose r = 4*k - 2*a + 3*a - 2560, -k = 3*a - 629. Is k a composite number?
False
Let k(y) = 2*y**2 + 15*y + 4. Let d be k(-8). Is (12/(-3) - -8)*381/d prime?
True
Let k = -26 - -29. Suppose -7*c + 3*r + 4256 = -k*c, 0 = -r + 4. Is c composite?
True
Let a(z) = 231*z**2 + 11*z + 59. Is a(-5) composite?
False
Suppose -6*z = v - 5*z, -v + 6 = -2*z. Suppose 603 = v*p - 35. Is p prime?
False
Let g(s) = 6419*s + 165. Is g(4) prime?
True
Suppose -7*g + 8*g = -28. Let k be g/(-8) + (-2)/4. Suppose -2*w = 2, -4*w - 186 = -k*n + n. Is n prime?
False
Suppose -4*b - 32 = -2*j, 3*b - 35 + 86 = 3*j. Is (-1341)/j*(0 - 2) a prime number?
True
Let a(z) = -z**2 - 4*z. Let i be a(-4). Let h = 211 - 69. Suppose i = d + d - h. Is d a prime number?
True
Suppose 0 = v + 247 - 1452. Suppose 0 = 6*r - 1897 - v. Is r composite?
True
Is 326/(((-4)/(-36))/(4/24)) composite?
True
Suppose 7593 = 6*u - 15585. Is u a composite number?
False
Let m(j) = j**3 - 22*j**2 + 49*j + 8. Let a be m(20). Let s be 3*(49/3)/1. Suppose 3*l = s + a. Is l prime?
True
Suppose -3*x + 2*q = 27, x - 10 = 2*x - q. Let c(l) = 7*l - 11. Let r(z) = 15*z - 23. Let s(j) = x*c(j) + 4*r(j). Is s(6) a prime number?
False
Suppose -9*k + 15717 = -14289. Is k a composite number?
True
Suppose 0*c - 5*c = -77555. Is c a composite number?
False
Suppose -5*m = -310 + 4460. Let l = m + 1836. Is l composite?
True
Let f(h) = h**3 - 6*h**2 - 4*h - 8. Let d = 23 - 14. Let r be f(d). Suppose 0 = -3*m - 12, -a - 5*m - 62 + r = 0. Is a a prime number?
True
Let w be (0 - 2)/(0 + 2). Let o be (3 + -15)*w/3. Suppose 2*r + o*r - 222 = 0. Is r composite?
False
Suppose -3*i + 2*q + 23 = -13, i - 1 = -3*q. Suppose -2*r + 2944 = -b, -9*r + i*r - 1465 = -3*b. Is r prime?
True
Suppose -j - 3*u = -868, 0 = -6*j + 2*j - 3*u + 3445. Is j prime?
True
Let p = -13 - -26. Let a = p - 8. Let n(z) = 23*z - 4. Is n(a) a prime number?
False
Let w(q) = 20*q**2 + 2*q - 5. Let k(m) = 3*m - 1 - m + 1. Let z be k(-4). Is w(z) a prime number?
True
Suppose 46 = -3*s + 214. Let z be (8/4 - s)/1. Let x = 89 + z. Is x composite?
True
Let q(w) = 11*w**2 - 10*w + 11. Let x(p) = 3*p - 10. Let y be x(8). Suppose y*t - 13*t = 8. Is q(t) a composite number?
True
Let g(q) = q**3 - 8*q**2 + 7*q. Let l be g(7). Let k be 6 + (1 - (0 + 3)). Suppose -k*f + l = -276. Is f composite?
True
Suppose -2*k + 96 = -144. Let m = k - 23. Is m prime?
True
Let g(q) = -2*q - 3. Let y be g(3). Let t be ((-16)/(-20))/(-3 - 133/(-45)). Is (-4)/t - 412/y prime?
False
Is (3 - 1 - 1)/(2/19022) a composite number?
False
Let p be ((-114)/9)/((-2)/(-45)). Let d = p + 1036. Is d a prime number?
True
Let m be (2 - (3 + -7)) + 2. Let g = m - 8. Suppose g = -3*p + 380 + 949. Is p composite?
False
Suppose 5*t - 38468 = s + 4340, -4*t + 34232 = 4*s. Is t a composite number?
True
Let t(h) = 127*h. Let q be (-9 + -1)/(-7 + 5). Is t(q) prime?
False
Suppose -99694 = -2*c - 45*d + 40*d, 2*d = -5*c + 249235. Is c a prime number?
False
Suppose -2111 = -3*k - 5*o, -2*k + 0*o - o = -1412. Suppose k = 4*r - 353. Is r composite?
True
Let n(j) = 1 + 1 + 5*j - j - 35*j**3 + 5*j**2 + 34*j**3. Let i = 25 + -21. Is n(i) composite?
True
Is 3/(-6)*-10 - -4526 prime?
False
Let o(k) = k**3 - 2*k**2 - k + 2. Let r be o(2). Let v be (-615)/(-5) - (r - 4). Suppose 5*g = 138 + v. Is g a prime number?
True
Let g = -3668 - -5211. Is g a prime number?
True
Suppose 28358 = 4*d - 9*m + 12*m, 3*d + 5*m = 21263. Is d prime?
False
Let k(p) = -2*p**2 + 21*p - 14. Let s be k(10). Is -2*(1 + 8/s) a prime number?
True
Let a(y) = y**2 + 10*y - 26. Suppose -17 = -3*i - 2*x - 2*x, 0 = -4*x - 16. Is a(i) a composite number?
True
Suppose 0 = -2*g + 5*a + 2833, 2*g = g + a + 1418. Suppose -6*x = -3*x - g. Is x composite?
True
Is ((-41986)/8)/((-275)/1100) a prime number?
False
Let s(i) = 10*i. Let h(v) = -v - 1. Let q(j) = -3*h(j) - s(j). Let a(c) = c**3 - 4*c**2 - 3*c - 4. Let x be a(4). Is q(x) a prime number?
False
Let w = 2162 - 505. Is w prime?
True
Let j = -21 + 11. Let b(a) = 2*a**3 + 24*a**2 + 14*a + 9. Is b(j) a composite number?
False
Let f be ((-12)/(-10))/((-9)/45). Let z(n) = n**3 + 6*n**2 - n - 3. Let l be z(f). Suppose -m + 242 = 4*h + 49, 2*h + 635 = l*m. Is m a composite number?
True
Suppose 7*b + 7*b + 294 = 0. Is (-14)/b - (-88420)/12 a prime number?
True
Let a(z) = 7978*z**2 + 3*z - 3. Is a(1) a prime number?
False
Let m(r) = 74*r**2 + 23*r + 152. Is m(-9) composite?
False
Let p = 2 + 2. Let m(i) be the second derivative of 3*i**5/20 - i**4/6 + 4*i**3/3 - i**2/2 + 27*i. Is m(p) a prime number?
True
Let p be 12/(-3 + (-16)/(-6)). Let b = p + 257. Is b a composite number?
True
Suppose 8*z - 4 = 36. Suppose 238 + 1027 = z*u. Is u a prime number?
False
Let c = -16423 + 38288. Is c composite?
True
Suppose 5*r - 15 = 2*r - 3*y, 2*r - y = 1. Let b(m) = -4*m + 15. Let c be b(-3). Suppose -4*h - 4*u = -3*u - 90, -h + r*u = -c. Is h composite?
False
Let y(w) = -35*w - 124. Is y(-19) a composite number?
False
Let q = 183903 + -124310. Is q a prime number?
False
Is (12 - -6 - 15)/((-3)/(-1397)) composite?
True
Let a = 47 - 35. Let d(z) = 42*z + 17. Is d(a) prime?
True
Let f be 3 + (4/(-2))/1. Suppose f = -v, -2*a + 0*v + 3*v + 3 = 0. Suppose a = 5*z + 10, -2*z = -2*g - 6*z + 1350. Is g a composite number?
True
Is -1*1 + 10/(-35)*-16177 a prime number?
True
Let d(v) = -58*v**3 + 3*v**2 + 9*v + 10. Is d(-4) prime?
False
Is 1526/12 - (38/12 - 3) a prime number?
True
Suppose 0*g + 3*c = -3*g + 3, -5*g + 6 = 4*c. Suppose s + 23 = 2*x, 5*x = g*s + 80 - 25. Let l = x - -28. Is l prime?
True
Suppose -20*s - 90676 = -24*s. Is s a prime number?
True
Is 4/(-6) + 138608/12 + 8 a composite number?
True
Let x(v) = 914*v**3 + 5*v**2 - 14*v + 7. Is x(2) a composite number?
True
Let t(v) = -20*v + 29. Let i(l) = 21*l - 29. Let d(r) = 4*i(r) + 3*t(r). Is d(9) prime?
False
Let v be (-1)/2 + 18319/14. Let c = v + -727. Is c a composite number?
True
Let b = -1376 + 2497. Is b a prime number?
False
Suppose 7 = p + 5. Suppose m - 272 = 4*r, -r - m - p*m - 55 = 0. Is r*(-1 + -3 - -3) a prime number?
True
Let v be 0 + -2 + 9 + -3. Let l be 6*((-242)/(-4) - -3). Suppose -v*i = -i - l. Is i prime?
True
Suppose -3*f = 10*s - 5*s - 7402, 5*s - 4*f - 7409 = 0. Is s a composite number?
False
Let s(q) = 165*q**2 + 24*q + 17. Is s(-5) composite?
True
Let h(k) = 21*k**3 - 4*k**2 - 3*k - 2. Let g(f) = 21*f**3 - 3*f**2 - 2*f - 1. Let x(r) = -3*g(r) + 2*h(r). Suppose -5*v + 4 = 9. Is x(v) prime?
False
Let j = -12 - -21. Let s be j/(-3) - -2 - -85. Suppose -y + s - 7 = 0. Is y prime?
False
Let z(u) = -u - 5. Let m be z(-8). Suppose -4*s + 3*f + 0 = -3, 0 = f - m. Suppose 5*h + 3*r - 1710 = 2*r, s*r + 667 = 2*h. Is h a comp